t is -432 + -25212304?
-25213036
In base 6, what is -12 - 11254002553?
-11254003005
In base 5, what is -114200 - 10222103?
-10341303
In base 4, what is -1012303220 + -20?
-1012303300
In base 5, what is 4331 + 42224422?
42234303
In base 14, what is -a281 - -ac20?
97d
In base 15, what is -474b + -92?
-47dd
In base 4, what is -13 + 103320230221?
103320230202
In base 4, what is -21 - -1120233112223?
1120233112202
In base 13, what is 2bba8 + -52?
2bb56
In base 8, what is 2434551 - -440?
2435211
In base 6, what is -54414551 - 14?
-54415005
In base 3, what is 1 - -2122212120001011?
2122212120001012
In base 12, what is 52298 - -609b?
58377
In base 9, what is 2481 - -215332?
217823
In base 14, what is -2 - 3b0564?
-3b0566
In base 13, what is 4250 + -189?
4094
In base 2, what is 11001 + -1010110001110001100000?
-1010110001110001000111
In base 10, what is -1774939 + 87?
-1774852
In base 9, what is -134428881 - 1?
-134428882
In base 7, what is -324220 + 15436?
-305451
In base 5, what is 13112 - 214341?
-201224
In base 3, what is 2100020012 + -111011222?
1212001020
In base 5, what is -10444100 + -1100?
-11000200
In base 11, what is 39 + 799a2?
79a30
In base 8, what is 335 - -10200352?
10200707
In base 7, what is -34064 - -1361?
-32403
In base 7, what is 354 - -2314124?
2314511
In base 2, what is -11001 + -101001101111010000111110?
-101001101111010001010111
In base 3, what is 1221 + -2020001122222?
-2020001121001
In base 15, what is 10a - -5bc5?
5cd0
In base 13, what is -7 + -8c0236?
-8c0240
In base 16, what is 4 - 13f7caa6?
-13f7caa2
In base 3, what is 10112011200001220 - 0?
10112011200001220
In base 6, what is -222144104522 + -3?
-222144104525
In base 13, what is -10349 - -75?
-102a4
In base 15, what is 56532b - 2?
565329
In base 14, what is 481dd + -3?
481da
In base 3, what is -10221002121 + 12?
-10221002102
In base 11, what is a8a674 + -211?
a8a463
In base 15, what is -1542aab + -1?
-1542aac
In base 13, what is 304380 + 151?
304501
In base 10, what is -2 - -193379593?
193379591
In base 13, what is -798 + 140?
-658
In base 13, what is -a2 - 5a266?
-5a338
In base 3, what is 2002112110 + 2001102?
2011120212
In base 13, what is -6 + 593c13?
593c0a
In base 13, what is c564 + 50?
c5b4
In base 11, what is -1056254 + -1?
-1056255
In base 4, what is 1123 + 12130001?
12131130
In base 15, what is -191db79e - -3?
-191db79b
In base 12, what is 185b284 + 55?
185b319
In base 5, what is -1121231 + 31342?
-1034334
In base 10, what is 15776 - 3416?
12360
In base 8, what is -212304 + -16552?
-231056
In base 12, what is 20 - -4a52b4?
4a5314
In base 3, what is 110221200210 - 1010?
110221122200
In base 15, what is 1 + -9b42542?
-9b42541
In base 16, what is -132112d - 2?
-132112f
In base 12, what is 4b + -b84b5?
-b8466
In base 12, what is 117a8b7 + 1?
117a8b8
In base 12, what is 607 - -35b00?
36507
In base 10, what is -4 + -3822984?
-3822988
In base 2, what is -1110001 - -10000100011110?
10000010101101
In base 12, what is -273122797 - 1?
-273122798
In base 5, what is -401424 - 43012?
-444441
In base 16, what is 0 - -9cbeba?
9cbeba
In base 3, what is 1001212122 - -1000110?
1002220002
In base 15, what is -3 - 629862?
-629865
In base 13, what is -4 + -888065?
-888069
In base 2, what is -11 + -11111100101011111101?
-11111100101100000000
In base 7, what is 5210 - -14436?
22646
In base 11, what is -44a21 + 5198?
-3a834
In base 10, what is -5198443 - 6?
-5198449
In base 14, what is 50a - 12c18?
-1270c
In base 7, what is -4 + 2641443602?
2641443565
In base 8, what is -365 - -25542?
25155
In base 6, what is 221 - 142522255?
-142522034
In base 5, what is 1 + 1241234001003?
1241234001004
In base 6, what is -1443 - 3102?
-4545
In base 7, what is -3 - -2465405422?
2465405416
In base 4, what is -231300012112 - 130?
-231300012302
In base 15, what is -3ec - 5ac0?
-5ebc
In base 8, what is -2775 - -316710?
313713
In base 4, what is -11010100033 - -313?
-11010033120
In base 12, what is -1a8 - -312a?
2b42
In base 13, what is 1 - 22076c?
-22076b
In base 16, what is 5b7 + -2c4?
2f3
In base 12, what is -890652 + 3?
-89064b
In base 7, what is 15 - 140022?
-140004
In base 2, what is 11101 - -100000011110100100110101?
100000011110100101010010
In base 7, what is -6 + 1310354303?
1310354264
In base 9, what is 100630072 - 2?
100630070
In base 12, what is 1 + -6b042a?
-6b0429
In base 10, what is 43 - -71440?
71483
In base 15, what is 5632d6d - -3?
5632d71
In base 8, what is -2161 - 163432?
-165613
In base 8, what is 356 + -376640?
-376262
In base 16, what is -12f1 - -11bb?
-136
In base 10, what is -989320 - -27?
-989293
In base 9, what is 157263584 - 1?
157263583
In base 9, what is -1734 - -11863?
10128
In base 13, what is 5603c - -a4?
56113
In base 9, what is 1201 - -877236?
878437
In base 4, what is 223230302 + -310?
223223332
In base 14, what is -934673 - 6?
-934679
In base 11, what is 4 - -2a15452?
2a15456
In base 10, what is 5 + 135221?
135226
In base 14, what is -c78183 - -4?
-c7817d
In base 6, what is -2013314 - 1030?
-2014344
In base 13, what is 1c14304 + -3?
1c14301
In base 7, what is -106 - -5530263?
5530154
In base 7, what is 6 - -6150633?
6150642
In base 16, what is -53c7 - -222?
-51a5
In base 12, what is 287a293 - -3?
287a296
In base 16, what is 351 - -239f8?
23d49
In base 10, what is 3 - -396280?
396283
In base 15, what is 4 + 2bdce1a?
2bdce1e
In base 7, what is 3315630 - 234?
3315363
In base 4, what is -1 - 2130103231133?
-2130103231200
In base 8, what is 152474 + 3770?
156464
In base 8, what is -1605317 + -13?
-1605332
In base 13, what is 8195 + -57?
813b
In base 4, what is -1130310 - -111232133?
110101223
In base 5, what is 1103423403 - 13?
1103423340
In base 12, what is 7140216 - -4?
714021a
In base 9, what is -3687434 + 6?
-3687427
In base 13, what is -65aac69 + -3?
-65aac6c
In base 10, what is -35583413 - -23?
-35583390
In base 10, what is -5 - 18324128?
-18324133
In base 13, what is 105b5b - 26?
105b35
In base 7, what is 4 + -1040331305?
-1040331301
In base 7, what is 323 + 230115?
230441
In base 13, what is 0 + 47c44080?
47c44080
In base 16, what is -13971 + 150f?
-12462
In base 4, what is -3110311031 + 0?
-3110311031
In base 10, what is -173 + 987876?
987703
In base 7, what is 253 + -1561263?
-1561010
In base 5, what is -11424 + -1020122?
-1032101
In base 11, what is -193 - -726a11?
726829
In base 5, what is -1133320041 - -2120?
-1133312421
In base 4, what is -220321 - 2233100?
-3120021
In base 13, what is -4a3b - -122?
-4919
In base 2, what is 1110001000 + -1111110001100?
-1110000000100
In base 8, what is -10 + 66075450?
66075440
In base 10, what is 5540464 + 12?
5540476
In base 4, what is 311322022 - -23?
311322111
In base 10, what is -591 + -54340?
-54931
In base 16, what is -18 + -28833?
-2884b
In base 9, what is 17043 - -14532?
32575
In base 11, what is -826 + 345955?
34512a
In base 15, what is 11 - -167814?
167825
In base 5, what is -1423002304 - -4?
-1423002300
In base 16, what is -57 + 33dd?
3386
In base 2, what is 100111010 - 1000001010111100110?
-1000001010010101100
In base 5, what is 2 + 242042412140?
242042412142
In base 10, what is -16882183 + -5?
-16882188
In base 9, what is -8855 + -51124?
-61080
In base 12, what is -1 + -3a01300?
-3a01301
In base 11, what is 11a8 - 14304?
-13107
In base 3, what is -1221210200 - 1011?
-1221211211
In base 3, what is 0 + -110101221012210?
-110101221012210
In base 8, what is -1051270 - 7?
-1051277
In base 4, what is 11 + -3231023322321?
-3231023322310
In base 15, what is -56 + -553d7?
-5543d
In base 15, what is 136 - 80b4?
-7e7d
In base 4, what is -320 + 2230233220?
2230232300
In base 5, what is -1022303110 - 10?
-1022303120
In base 14, what is 8 + 3bdc5c?
3bdc66
In base 5, what is -1102 + -21001324?
-21002431
In base 13, what is -a - -532410?
532403
In base 6, what is 33243 - -4000?
41243
In base 13, what is 3 + 460967?
46096a
In base 5, what is -2202021 - -200022?
-2001444
In base 10, what is -46 - -39697?
39651
In base 11, what is -898 - 17995?
-18782
In base 3, what is 11220012 + 1001202?
12221221
In base 3, what is 1102 + 102110012120020?
102110012121122
In base 13, what is -19199c + -112?
-191ab1
In base 3, what is -2000010020211 - -202?
-2000010020002
In base 13, what is -68 - -4861c6?
48615b
In base 10, what is 3 - 92508881?